
-2
What is the value of (-3 - 2) + (8 - -1 - 3)?
1
What is the value of 2 + 1 - (3 - -1)?
-1
-2 - (-2 - (0 + 1 + -3))
-2
What is 1 - (5 + 0 + -9)?
5
What is (-4 - -7 - 2) + -2 + -1?
-2
(-6 - -3) + (-2 - -3)
-2
What is -4 + (-3 + 1 - -2)?
-4
What is the value of -10 + (-2 - -19 - 0)?
7
3 - (3 + -4 - (-1 + 2))
5
What is (6 - 0) + (7 - 10) + -4?
-1
Calculate 8 + 9 + -7 + -7.
3
What is the value of (-2 - -3) + (-1 - -3)?
3
What is the value of -2 - 0 - (2 - (4 - 7))?
-7
Calculate -9 + 12 - (6 + 3).
-6
What is -3 - ((-8 - -9) + (-4 - 0))?
0
What is 5 - ((-2 - 3) + 11)?
-1
What is the value of 0 + -2 + 8 - 3?
3
-3 - (-1 - (-8 - -5) - 4)
-1
What is the value of (18 - 10) + -3 + -4?
1
What is -8 + 11 + 7 + -19?
-9
Calculate (0 - -3) + 2 + -3 + 2.
4
-2 - 13 - -16 - -10
11
Evaluate 2 - ((-2 - 1) + 4).
1
Calculate (3 - (-1 - (-4 - 0))) + -2.
-2
What is 3 - ((0 - 1) + 1 + 4)?
-1
What is the value of 3 + (-12 + -9 - -8)?
-10
Evaluate -13 + (10 - 3) + (5 - 0).
-1
Calculate (2 - (3 - 0)) + 6.
5
Evaluate -7 - -3 - (-4 - -1).
-1
-8 - (-13 + (11 - 5))
-1
Evaluate 2 + -1 + 4 + -8 + 6.
3
Calculate (8 - (2 + 3)) + -5.
-2
15 + 0 - (35 + -24)
4
What is the value of -1 + (1 + -2 - -2)?
0
What is the value of 6 - ((0 - -5) + 0 - -7)?
-6
Calculate ((1 - 2) + 2 - -1) + 2.
4
-6 - -3 - (0 - 7)
4
Evaluate 34 + -33 - (0 + -1 + 2).
0
Calculate -2 + 3 + (2 - 3).
0
Evaluate (-5 - -3) + 3 + 0.
1
1 - (-1 - -3) - (-4 - -7)
-4
Evaluate (76 - 78) + (0 - -1).
-1
What is -89 + 75 - (-7 + 0)?
-7
0 + (10 - (3 + 2))
5
Evaluate (11 - (7 + -2)) + -3 + -2.
1
4 + -2 + 9 + -11
0
What is the value of -1 + (2 + -1 - 0)?
0
Evaluate 1 + -2 - 0 - (2 + -2).
-1
Calculate -11 - (-13 - (-11 + 7)).
-2
Calculate (-5 - -5) + 0 + -4 + -1.
-5
Calculate 0 - 6 - (4 + -7).
-3
(4 + 2 - (1 - -2)) + -4
-1
Calculate (0 - -15) + (2 - -4) + -13.
8
Evaluate -5 + 10 + -4 - 2.
-1
Evaluate (-16 - -25) + (-17 - -4).
-4
Calculate 6 - -6 - 7 - 2.
3
Evaluate -4 - (-7 + 4 + (-2 - 1)).
2
7 + (-3 - (2 + (3 - 5)))
4
-10 + 10 - 3 - -1
-2
What is the value of ((4 - -2) + -8 - -7) + -5?
0
Calculate (0 - -1) + -20 + (29 - 2).
8
(-1 - 1) + (-5 - (-7 - -2))
-2
What is (-2 - (2 - 0)) + 6 + -11?
-9
Evaluate (-34 - -32) + -1 + 1.
-2
What is 9 - 10 - (3 - 0)?
-4
What is the value of 7 + -1 + 4 + (-5 - 1)?
4
Evaluate 9 - ((1 + -2 - -5) + -2).
7
Calculate 1 - 5 - (-2 - 1) - 2.
-3
-2 - (-4 + (3 - 0) + -2)
1
Evaluate 4 + (-9 - -3 - 4).
-6
Evaluate (-11 + 5 - 0) + 6 + 0.
0
3 + 1 + -9 + 5
0
0 + 0 - -3 - (22 + -23)
4
Evaluate -2 + (2 - 2) - (-3 + 5).
-4
0 - -1 - 6 - (71 + -76)
0
What is 3 + -12 - -5 - (-3 - 1)?
0
-1 - -3 - (-4 - (-1 - 1))
4
-4 + (-10 - -16) + -1 + -1
0
-4 + (-4 - (2 - 5) - -1)
-4
Evaluate 1 + (0 - -1) - (-4 - -2).
4
Evaluate -2 + -1 + -2 + (3 - 1).
-3
Calculate (4 - 1 - 0) + 2.
5
Evaluate 6 - (4 + (-2 - (-4 + 3))).
3
2 - (6 - (4 - 1))
-1
What is (6 - -2) + (-30 - -30)?
8
What is 9 - ((0 - 4) + 9)?
4
Evaluate -13 + -4 + (6 - -4) + -4.
-11
Calculate 9 + -12 + -4 - (5 + -2).
-10
What is (-1 - -5) + -8 + 10 + -7?
-1
14 + -10 + 10 - 8
6
What is 4 - (-7 + 4 + (8 - -1))?
-2
Evaluate 0 + (-2 + -1 - (3 + -11)).
5
Calculate (-18 - 1) + 182 + -170.
-7
What is -7 - (-13 - -12 - (12 + -1))?
5
Evaluate -2 - (-7 - -1) - 0 - 2.
2
What is the value of 3 + -2 - (12 + -12)?
1
What is -1 - ((5 - 13) + 4 + 2)?
1
Evaluate 3 + -9 + -5 - -8.
-3
What is the value of 1 + -4 + 3 + 5 + -11?
-6
What is -2 + (12 - 3) + -13?
-6
What is the value of 2 + 0 - -4 - (27 - 19)?
-2
What is 2 - 7 - (5 + -8) - -5?
3
Calculate -2 + (7 - (-1 - -1 - -3)).
2
What is the value of 5 - (-4 + 6 + -2)?
5
What is the value of 3 - (-7 + 9 - -1)?
0
What is 3 + (-2 - -1) + 2?
4
Evaluate (-5 - (-8 + 4)) + 6.
5
Calculate -6 + 4 + (17 - 4) + -6.
5
Evaluate 1 + (8 - -4) - 6.
7
What is the value of -2 + -4 + 4 - -4?
2
What is -14 - -14 - 8 - -3?
-5
-2 - (1 - 3 - -5)
-5
What is the value of -14 + 12 + -6 - -14?
6
What is the value of -4 - (1 + (3 - 3 - 0))?
-5
What is (-1 - 5) + 4 + -1 + 3?
0
Evaluate 6 + (-17 - -21) + (-8 - 1).
1
What is -8 + (-2 - (2 - 14))?
2
What is the value of (-1 - (10 + 0 + 0)) + 5?
-6
What is the value of (3 - 3) + 6 - 4 - -1?
3
5 + -9 + -3 + (7 - -3)
3
What is 1 + 1 - (20 + -11)?
-7
Calculate 4 + -12 + 0 - -9.
1
What is the value of (11 - 5 - (-1 - -10)) + 3?
0
What is the value of 7 + (8 - -2 - 25)?
-8
What is -3 + (2 + -2 - (2 - 0))?
-5
-2 + 2 - (0 + 2 + 1)
-3
Calculate 1 - 3 - -7 - 7.
-2
(9 - 19) + 12 + -5
-3
Evaluate -2 + 2 + 1 + (26 - 23).
4
Calculate (-9 - (-7 + -1)) + (1 - -1).
1
-3 + 2 + 0 + 3 + -4
-2
2 + 2 + 0 + (2 - 7)
-1
Calculate (8 - 8 - 3) + 0.
-3
Evaluate 6 - (8 + (3 - 3) - 5).
3
Calculate -4 + 3 + -11 - -9.
-3
Evaluate (-6 + 7 + -1 - 0) + -7.
-7
Evaluate 2 + -2 + 0 + -3.
-3
(-13 - (-9 + -1)) + -5
-8
What is the value of (-4 - -6) + 2 + -7 + -2?
-5
Calculate (-3 - (2 + 1)) + 3 + 5.
2
What is the value of (-8 - -15) + 0 + -5?
2
What is 2 + 2 + -8 + 3 + 4?
3
-1 - 5 - (-2 + -2)
-2
Calculate -7 - (2 + (6 + -19 - -2)).
2
What is -12 - (-7 - 0) - 1?
-6
Calculate 34 + -34 + (4 - (-2 + -2)).
8
What is the value of (-149 - -147) + 10 + 1?
9
Evaluate 7 + -1 + -1 + -1.
4
2 + -2 + 3 + (-1 - 0)
2
Evaluate 0 - (4 + 0 - 9).
5
What is -1 + 1 + (-12 - -11)?
-1
-18 + 14 + (-2 - -2) + 3
-1
What is -2 - (1 + 0 + 2 + -3)?
-2
-17 + 3 + 3 + 2 - -6
-3
What is the value of -2 + (-3 - (-5 - -4))?
-4
Evaluate -10 + (0 + -1 - (18 - 22)).
-7
What is the value of -3 + 3 + 0 - -3?
3
Calculate 0 + 3 - (47 - 42).
-2
Calculate 0 + -5 + 0 + -2.
-7
-1 + (-4 + 0 - (13 + -22))
4
-4 - (-14 + 1) - 3
6
What is (3 - (-12 - -14)) + 6?
7
What is the value of -2 + -9 + 10 + 9?
8
Calculate (2 + -2 + -1 - 0) + -2.
-3
What is the value of (4 - 4) + -4 - -8?
4
-3 + 5 - -6 - 3
5
Calculate -11 + 17 + (-12 - -3).
-3
10 + -5 + -6 + 5
4
What is the value of (7 - 7 - -1) + -3?
-2
What is the value of (31 - 11) + -12 + -7?
1
Evaluate -8 - (7 + -10 - 2).
-3
What is -6 - (-8 + -2 + 5 + 7)?
-8
What is the value of (3 - 8) + -2 + 4?
-3
What is the value of 6 - (13 + -3 + 2 + -3)?
-3
Evaluate 3 + 0 + 2 + -4 + 2.
3
What is -1 + 14 + -18 + -5?
-10
What is the value of 0 - (6 + -3 + -2)?
-1
Calculate 50 + -42 + 1 + -3.
6
What is the value of -2 - (5 + -2 + -2 - 4)?
1
0 + 0 - (4 - -5 - 4)
-5
Evaluate -1 - -1 - (9 - 0 - 11).
2
What is 1 - (12 + -22 + (2 - 0))?
9
Calculate -4 - 0 - (-1 - 1).
-2
(6 - 1) + -7 - -3
1
What is 1 + 1 - (4 + -3)?
1
What is 0 + (-7 - (-4 - 0) - -3)?
0
What is -5 + 12 + -13 + (1 - -2)?
-3
Calculate 1 - 2 - (51 - 47).
-5
What is the value of -2 - (4 + -2 + -1 + 1)?
-4
Evaluate -1 + (4 - 3) + 0 + 0.
0
Evaluate 4 - (1 - (9 - 9)).
3
What is the value of 3 + ((9 - 3) + -9 - -5)?
5
Calculate -2 + -1 - (-1 + (-1 - -2)).
-3
What is (-7 - -2) + 5 + (0 - 0)?
0
What is -1 - ((1 - 4) + -3)?
5
Evaluate -2 - (2 - 2 - (4 + -7)).
-5
-5 - 6 - -4 - -8
1
What is the value of -2 + 0 + 1 + 2?
1
Evaluate 1 + 0 - (11 + 4 + -8).
-6
(-2 - -9 - (-19 + 34)) + 6
-2
10 + -10 + 18 + -10
8
Calculate (1 - (3 - 2)) + (16 - 20).
-4
What is (-1 - -3 - 0) + (-6 - 0)?
-4
Calculate -5 + 3 + 6 - (9 + 1).
-6
Calculate -4 + -1 + (-3 - -5).
-3
What is 0 + (1 - (-5 - -8))?
-2
2 - (7 + -6 - 4)
5
What is the value of 2 + -2 + 5 - (5 + -2)?
2
Evaluate 1 + -1 + (5 - 9).
-4
Calculate 7 - (-1 + 5 + 0) - 6.
-3
What is -9 + 8 - (2 + 1)?
-4
What is the value of 6 + -7 + (-7 - -9)?
1
Calculate 8 - 1 - (1 + 4) - -3.
5
1 + (0 - (1 - 0)) + 2
2
Calculate 5 + -5 + 8 + -10.
-2
What is the value of -6 + (-2 - -1) - (-4 + 2)?
-5
Evaluate 4 + -2 + 2 + -8.
-4
Calculate 1 - -6 - (2 - -3).
2
What is 3 + -11 + (6 - 1)?
-3
What is the value of 8 - (7 - -2 - 8)?
7
-1 + 6 - (-1 + -9 + 15)
0
(1 - -6) + -1 + (5 - 6)
5
What is 12 + -5 + -1 - 12?
-6
Evaluate -3 + 5 + 3 + -7.
-2
What is the value of (-1 + 2 - 3) + (-37 - -38)?
-1
Calculate -4 + 5 + -12 - (1 - 4).
-8
9 + 2 + -2 + -6
3
-10 - (5 - (3 + (4 - -3)))
-5
Calculate (-13 + 13 - -2) + 1 + 0.
3
What is the value of -3 + (-3 - (-1 + -10))?
5
What is the value of -4 - (2 - 5) - 4?
-5
Calculate -12 + 1 + (9 - (-12 - -17)).
-7
Calculate 2 - (1 + (7 - 2)).
-4
What is 0 + -3 + (-1 + -1 - 0)?
-5
Calculate -8 + -2 + -2 + 8.
-4
Calculate -2 - (-5 + (-5 + 10 - 1)).
-1
(-4 - -3) + -4 + 0 + 6
1
Evaluate 0 - (3 - -1) - (-5 - -2).
-1
4 + -3 + 4 + -4
1
What is 0 + 11 + -10 + -1 + 4?
4
What is (-22 - -28) + (1 